{"id":1380,"date":"2020-04-11T15:51:44","date_gmt":"2020-04-11T13:51:44","guid":{"rendered":"http:\/\/mwgarden.wytyk.pl\/?page_id=1380"},"modified":"2023-08-29T13:02:16","modified_gmt":"2023-08-29T11:02:16","slug":"rada-rodzicow","status":"publish","type":"page","link":"https:\/\/te.poznan.pl\/?page_id=1380","title":{"rendered":"Rada Rodzic\u00f3w"},"content":{"rendered":"<div class=\"wpb-content-wrapper\"><p>[vc_row][vc_column][vc_custom_heading text=&#8221;Sk\u0142ad Prezydium Rady Rodzic\u00f3w&#8221; use_theme_fonts=&#8221;yes&#8221;][vc_column_text]Sk\u0142ad Rady Rodzic\u00f3w zostanie podany po odbyciu wybor\u00f3w.[\/vc_column_text][\/vc_column][\/vc_row][vc_row disable_element=&#8221;yes&#8221;][vc_column width=&#8221;1\/2&#8243;][vc_cta h2=&#8221;PRZEWODNICZ\u0104CY&#8221; h2_font_container=&#8221;font_size:12|color:%231e73be|line_height:1&#8243; h2_use_theme_fonts=&#8221;yes&#8221; h4=&#8221;Miros\u0142aw Piskorski&#8221; h4_font_container=&#8221;font_size:18|line_height:1&#8243; h4_use_theme_fonts=&#8221;yes&#8221; style=&#8221;flat&#8221; use_custom_fonts_h2=&#8221;true&#8221; use_custom_fonts_h4=&#8221;true&#8221; css=&#8221;.vc_custom_1602171445453{border-left-width: 4px !important;padding-top: -10px !important;padding-bottom: -10px !important;border-left-color: #1e73be !important;border-left-style: solid !important;}&#8221;][\/vc_cta][vc_cta h2=&#8221;ZAST\u0118PCA PRZEWODNICZ\u0104CEGO&#8221; h2_font_container=&#8221;font_size:12|color:%231e73be|line_height:1&#8243; h2_use_theme_fonts=&#8221;yes&#8221; h4=&#8221;S\u0142awomir Gajda&#8221; h4_font_container=&#8221;font_size:18|line_height:1&#8243; h4_use_theme_fonts=&#8221;yes&#8221; style=&#8221;flat&#8221; use_custom_fonts_h2=&#8221;true&#8221; use_custom_fonts_h4=&#8221;true&#8221; css=&#8221;.vc_custom_1602171481693{border-left-width: 4px !important;border-left-color: #1e73be !important;border-left-style: solid !important;}&#8221;][\/vc_cta][vc_cta h2=&#8221;ZAST\u0118PCA PRZEWODNICZ\u0104CEGO&#8221; h2_font_container=&#8221;font_size:12|color:%231e73be|line_height:1&#8243; h2_use_theme_fonts=&#8221;yes&#8221; h4=&#8221;Anna S\u0142onka &#8211; Moskwa&#8221; h4_font_container=&#8221;font_size:18|line_height:1&#8243; h4_use_theme_fonts=&#8221;yes&#8221; style=&#8221;flat&#8221; use_custom_fonts_h2=&#8221;true&#8221; use_custom_fonts_h4=&#8221;true&#8221; css=&#8221;.vc_custom_1604716482845{border-left-width: 4px !important;border-left-color: #1e73be !important;border-left-style: solid !important;}&#8221;][\/vc_cta][\/vc_column][vc_column width=&#8221;1\/2&#8243;][vc_cta h2=&#8221;SKARBNIK&#8221; h2_font_container=&#8221;font_size:12|color:%231e73be|line_height:1&#8243; h2_use_theme_fonts=&#8221;yes&#8221; h4=&#8221;Anna Ciesielska&#8221; h4_font_container=&#8221;font_size:18|line_height:1&#8243; h4_use_theme_fonts=&#8221;yes&#8221; style=&#8221;flat&#8221; use_custom_fonts_h2=&#8221;true&#8221; use_custom_fonts_h4=&#8221;true&#8221; css=&#8221;.vc_custom_1602171555127{border-left-width: 4px !important;border-left-color: #1e73be !important;border-left-style: solid !important;}&#8221;][\/vc_cta][vc_cta h2=&#8221;SEKRETARZ&#8221; h2_font_container=&#8221;font_size:12|color:%231e73be|line_height:1&#8243; h2_use_theme_fonts=&#8221;yes&#8221; h4=&#8221;Anna Bachleda-Busza&#8221; h4_font_container=&#8221;font_size:18|line_height:1&#8243; h4_use_theme_fonts=&#8221;yes&#8221; style=&#8221;flat&#8221; use_custom_fonts_h2=&#8221;true&#8221; use_custom_fonts_h4=&#8221;true&#8221; css=&#8221;.vc_custom_1602171584611{border-left-width: 4px !important;border-left-color: #1e73be !important;border-left-style: solid !important;}&#8221;][\/vc_cta][\/vc_column][\/vc_row][vc_row][vc_column css=&#8221;.vc_custom_1586651617032{border-top-width: 4px !important;border-top-color: #1e73be !important;border-top-style: solid !important;}&#8221;][vc_custom_heading text=&#8221;Cz\u0142onkowie&#8221; use_theme_fonts=&#8221;yes&#8221;][\/vc_column][\/vc_row][vc_row disable_element=&#8221;yes&#8221;][vc_column width=&#8221;1\/2&#8243;]<div class=\"standard-arrow list-divider bullet-top\"><ul>\n<li>Sylwia Walkowiak<\/li>\n<li>Agata Rokita<\/li>\n<li>Renata Winczewska<\/li>\n<li>Ilona Deg\u00f3rska<\/li>\n<li>Ryszard Ma\u0107kowiak<\/li>\n<\/ul>\n<\/div>[\/vc_column][vc_column width=&#8221;1\/2&#8243;]<div class=\"standard-arrow list-divider bullet-top\"><ul>\n<li>Agata Wojciechowska<\/li>\n<li>Ewa Burda<\/li>\n<li>Gra\u017cyna Malikowska<\/li>\n<li>Anna W\u0142odarczyk<\/li>\n<\/ul>\n<\/div>[\/vc_column][\/vc_row][vc_row][vc_column css=&#8221;.vc_custom_1587545436449{border-top-width: 1px !important;border-bottom-width: 1px !important;padding-bottom: 20px !important;border-top-color: #1e73be !important;border-top-style: ridge !important;border-bottom-color: #1e73be !important;border-bottom-style: ridge !important;}&#8221;]<div id=\"ultimate-heading-564469dcf4399d2e8\" class=\"uvc-heading ult-adjust-bottom-margin ultimate-heading-564469dcf4399d2e8 uvc-686 \" data-hspacer=\"no_spacer\"  data-halign=\"center\" style=\"text-align:center\"><div class=\"uvc-heading-spacer no_spacer\" style=\"top\"><\/div><div class=\"uvc-main-heading ult-responsive\"  data-ultimate-target='.uvc-heading.ultimate-heading-564469dcf4399d2e8 h2'  data-responsive-json-new='{\"font-size\":\"desktop:14px;\",\"line-height\":\"\"}' ><h2 style=\"font-weight:bold;color:#1e73be;\">nr konta Rady Rodzic\u00f3w:<\/h2><\/div><div class=\"uvc-sub-heading ult-responsive\"  data-ultimate-target='.uvc-heading.ultimate-heading-564469dcf4399d2e8 .uvc-sub-heading '  data-responsive-json-new='{\"font-size\":\"\",\"line-height\":\"\"}'  style=\"font-weight:normal;\"><span style=\"font-size: 18pt;\"><strong>53 1240 3220 1111 0010 0977 1250<\/strong><\/span><\/p>\n<p>W tytule wp\u0142aty prosz\u0119 wpisa\u0107: wp\u0142ata sk\u0142adki na Rad\u0119 Rodzic\u00f3w, imi\u0119 i nazwisko dziecka oraz oddzia\u0142.<\/div><\/div>[\/vc_column][\/vc_row][vc_row][vc_column css=&#8221;.vc_custom_1586942145019{border-top-width: 4px !important;border-top-color: #1e73be !important;border-top-style: solid !important;}&#8221;][vc_custom_heading text=&#8221;Stowarzyszenie Absolwent\u00f3w i Przyjaci\u00f3\u0142&#8221; use_theme_fonts=&#8221;yes&#8221;][vc_custom_heading text=&#8221;ZESPO\u0141U SZK\u00d3\u0141 ELEKTRYCZNYCH NR 1&#8243; font_container=&#8221;tag:h5|text_align:left&#8221; use_theme_fonts=&#8221;yes&#8221;][vc_column_text]W dniu 23 marca 2007 roku S\u0105d Rejonowy w Poznaniu zarejestrowa\u0142 Stowarzyszenie i wpisa\u0142 do Krajowego Rejestru S\u0105dowego \u2013 Rejestru Stowarzysze\u0144 pod numerem 0000277170. Prezesem Stowarzyszenia jest\u00a0<strong>pan Marek Szczepaniak<\/strong>, V-ce Prezesem\u00a0<strong>pan Marek Kara\u015bkiewicz<\/strong>. W celu wst\u0105pienia do Stowarzyszenia nale\u017cy wype\u0142ni\u0107 deklaracj\u0119 cz\u0142onkowsk\u0105:[\/vc_column_text][vc_accordion active_tab=&#8221;0&#8243;][vc_accordion_tab title=&#8221;Deklaracja cz\u0142onkowska &#8211; pobierz&#8221;][vc_column_text]<div id=\"wppdfemb-frame-container-2\"><iframe id=\"wppdf-emb-iframe-2\" scrolling=\"no\" data-pdf-index=\"2\" class=\"pdfembed-iframe nonfullscreen\" style=\"border: none; width:100%; max-width: 100%; min-height: 1000px;\" src=\"https:\/\/te.poznan.pl?url=https%3A%2F%2Fte.poznan.pl%2Fwp-content%2Fuploads%2F2020%2F04%2Fdeklaracja_czlonkowska.pdf&toolbar=top&toolbarfixed=on&0=width%3D%22max&pdfID=2&index=2\" ><\/iframe><\/div>[\/vc_column_text][\/vc_accordion_tab][\/vc_accordion][\/vc_column][\/vc_row]<\/p>\n<\/div>","protected":false},"excerpt":{"rendered":"<p>[vc_row][vc_column][vc_custom_heading text=&#8221;Sk\u0142ad Prezydium Rady Rodzic\u00f3w&#8221; use_theme_fonts=&#8221;yes&#8221;][vc_column_text]Sk\u0142ad Rady Rodzic\u00f3w zostanie podany po odbyciu wybor\u00f3w.[\/vc_column_text][\/vc_column][\/vc_row][vc_row disable_element=&#8221;yes&#8221;][vc_column width=&#8221;1\/2&#8243;][vc_cta h2=&#8221;PRZEWODNICZ\u0104CY&#8221; h2_font_container=&#8221;font_size:12|color:%231e73be|line_height:1&#8243; h2_use_theme_fonts=&#8221;yes&#8221; h4=&#8221;Miros\u0142aw Piskorski&#8221; h4_font_container=&#8221;font_size:18|line_height:1&#8243; h4_use_theme_fonts=&#8221;yes&#8221; style=&#8221;flat&#8221; use_custom_fonts_h2=&#8221;true&#8221; use_custom_fonts_h4=&#8221;true&#8221; css=&#8221;.vc_custom_1602171445453{border-left-width: 4px !important;padding-top: -10px !important;padding-bottom: -10px !important;border-left-color: #1e73be !important;border-left-style: solid !important;}&#8221;][\/vc_cta][vc_cta h2=&#8221;ZAST\u0118PCA PRZEWODNICZ\u0104CEGO&#8221; h2_font_container=&#8221;font_size:12|color:%231e73be|line_height:1&#8243; h2_use_theme_fonts=&#8221;yes&#8221; h4=&#8221;S\u0142awomir Gajda&#8221; h4_font_container=&#8221;font_size:18|line_height:1&#8243; h4_use_theme_fonts=&#8221;yes&#8221; style=&#8221;flat&#8221; use_custom_fonts_h2=&#8221;true&#8221; use_custom_fonts_h4=&#8221;true&#8221; css=&#8221;.vc_custom_1602171481693{border-left-width: 4px !important;border-left-color: #1e73be !important;border-left-style: solid !important;}&#8221;][\/vc_cta][vc_cta h2=&#8221;ZAST\u0118PCA&hellip;<\/p>\n","protected":false},"author":1,"featured_media":0,"parent":0,"menu_order":0,"comment_status":"closed","ping_status":"closed","template":"","meta":{"footnotes":""},"class_list":["post-1380","page","type-page","status-publish","hentry","description-off"],"_links":{"self":[{"href":"https:\/\/te.poznan.pl\/index.php?rest_route=\/wp\/v2\/pages\/1380","targetHints":{"allow":["GET"]}}],"collection":[{"href":"https:\/\/te.poznan.pl\/index.php?rest_route=\/wp\/v2\/pages"}],"about":[{"href":"https:\/\/te.poznan.pl\/index.php?rest_route=\/wp\/v2\/types\/page"}],"author":[{"embeddable":true,"href":"https:\/\/te.poznan.pl\/index.php?rest_route=\/wp\/v2\/users\/1"}],"replies":[{"embeddable":true,"href":"https:\/\/te.poznan.pl\/index.php?rest_route=%2Fwp%2Fv2%2Fcomments&post=1380"}],"version-history":[{"count":18,"href":"https:\/\/te.poznan.pl\/index.php?rest_route=\/wp\/v2\/pages\/1380\/revisions"}],"predecessor-version":[{"id":4194,"href":"https:\/\/te.poznan.pl\/index.php?rest_route=\/wp\/v2\/pages\/1380\/revisions\/4194"}],"wp:attachment":[{"href":"https:\/\/te.poznan.pl\/index.php?rest_route=%2Fwp%2Fv2%2Fmedia&parent=1380"}],"curies":[{"name":"wp","href":"https:\/\/api.w.org\/{rel}","templated":true}]}}